
-1141
Let b(j) = 248*j**3 - 155996*j**2 + 2514*j + 1275. Determine b(629).
17
Let h(c) = 9*c**2 + 856*c + 5569. Give h(-88).
-63
Let o(k) = 158*k - 409. What is o(8)?
855
Let l(f) = 4*f**2 + 1069*f + 9313. Determine l(-9).
16
Let i(u) = 35*u**2 + 18*u - 204. What is i(-8)?
1892
Let o(m) = 25*m**2 - 2585*m + 556. Determine o(105).
4756
Let r(d) = -9*d**2 + 584*d + 1196. Calculate r(66).
536
Let r(l) = -5*l**2 - 1421*l - 24137. What is r(-266)?
69
Let n(j) = -180*j**2 - 70918*j + 689. What is n(-394)?
-99
Let w(k) = -16946*k + 152561. What is w(9)?
47
Let t(q) = q**2 - 60*q - 4674. Give t(-43).
-245
Let s(j) = 4*j**2 - 465*j + 2892. What is s(110)?
142
Let j(g) = -4745*g + 204052. Give j(43).
17
Let v(k) = -k**2 - 246*k - 9546. Calculate v(-192).
822
Let g(k) = 37*k + 2258. Determine g(-43).
667
Let b(x) = -x**2 - 1940*x + 77121. Give b(39).
-60
Let l(b) = 4*b - 696. What is l(6)?
-672
Let u(v) = v**3 + 246*v**2 + 228*v - 4156. What is u(-245)?
9
Let l(i) = -1135*i - 249764. Give l(-220).
-64
Let l(g) = 2*g**3 + 97*g**2 - 383*g - 20710. Calculate l(-48).
-22
Let x(h) = -164315*h + 9365926. Give x(57).
-29
Let l(v) = -77*v**2 - 41419*v + 3772. Give l(-538).
6
Let i(w) = w**3 + 44*w**2 - 6*w + 1660. What is i(-45)?
-95
Let f(v) = 12*v**2 - 6*v + 1721. What is f(0)?
1721
Let g(y) = y**3 + 37*y**2 + 286*y + 247. What is g(-9)?
-59
Let b(w) = w**3 - 264*w**2 + 5018*w + 45. Determine b(21).
-1740
Let r(h) = -76*h**3 + 3795*h**2 + 259*h - 448. Calculate r(50).
2
Let k(x) = 581*x - 96115. Give k(165).
-250
Let i(s) = 10*s**2 - 88*s + 21. Determine i(5).
-169
Let o(l) = 3977*l - 63621. Give o(16).
11
Let m(r) = r**3 + 23*r**2 + 69*r - 51. Determine m(-5).
54
Let r(o) = 23*o**2 + 5789*o + 39392. Calculate r(-7).
-4
Let t(u) = 31*u**3 + 9*u**2 + 16*u + 9. What is t(-2)?
-235
Let r(g) = 11*g**2 - 21750*g + 3527843. Calculate r(1799).
4
Let x(s) = 1370*s - 215106. What is x(157)?
-16
Let r(w) = -13026*w**2 - 65157*w - 129. Determine r(-5).
6
Let p(m) = -66662*m - 799934. Give p(-12).
10
Let x(s) = -19*s**2 + 306*s + 160. Determine x(17).
-129
Let r(t) = -4565*t**2 + 14212*t - 1556. Calculate r(3).
-5
Let v(k) = k**2 - 387*k + 1569. Calculate v(4).
37
Let g(w) = 6*w**3 - 37*w**2 + 35*w - 1726. Calculate g(9).
-34
Let b(s) = 1561*s + 14018. Give b(-9).
-31
Let r(y) = -491272*y - 5895267. What is r(-12)?
-3
Let t(y) = -731*y + 295082. Calculate t(403).
489
Let z(g) = -2*g**3 + 445*g**2 - 1876*g - 18740. What is z(218)?
8
Let y(k) = 4*k**3 - 554*k**2 - 832*k - 1091. What is y(140)?
29
Let f(n) = n**3 - 5*n**2 - 242*n + 1785. What is f(7)?
189
Let g(i) = -159*i**2 + 7307*i + 413. Calculate g(46).
91
Let z(m) = m**2 - 42189*m + 253108. Give z(6).
10
Let g(h) = -13*h**2 - 1238*h - 6222. Calculate g(-5).
-357
Let y(t) = 1639*t - 216363. What is y(132)?
-15
Let p(d) = -3*d**2 + 2477*d - 79. Determine p(0).
-79
Let f(v) = 6073*v + 91101. Calculate f(-15).
6
Let t(f) = -43*f - 7258. Give t(-180).
482
Let k(f) = -f**3 - 3*f**2 - 871*f + 84. Calculate k(0).
84
Let m(s) = -63061*s + 126161. Calculate m(2).
39
Let a(d) = 5*d**3 + 29*d**2 + 27*d + 107. Calculate a(-4).
143
Let t(f) = -28*f**3 + 309*f**2 - 20*f + 139. Determine t(11).
40
Let g(k) = -2711*k - 15158. Calculate g(-6).
1108
Let p(l) = 2604*l + 46836. Give p(-18).
-36
Let u(g) = -161*g - 4995. Calculate u(-30).
-165
Let k(t) = -t**2 - 44825*t + 493195. Calculate k(11).
-1
Let m(j) = -21*j**2 + 683*j + 1047. What is m(34)?
-7
Let m(k) = k**3 - 2648*k**2 - 1570351*k + 998. Determine m(-499).
0
Let a(k) = -k**2 + 82*k + 24299. Calculate a(-120).
59
Let a(z) = z**3 - 54*z**2 - 393*z - 222. Determine a(-6).
-24
Let k(r) = 6*r**2 + 456*r - 19847. Calculate k(31).
55
Let s(o) = -176*o + 1128. Give s(7).
-104
Let k(w) = -333*w - 53111. What is k(-160)?
169
Let n(f) = -8342*f + 41496. What is n(5)?
-214
Let c(v) = 10579*v - 96115. What is c(9)?
-904
Let k(r) = -22*r**2 - 7024*r + 7025. Give k(1).
-21
Let o(x) = x**3 + 58*x**2 - 1972*x - 128. Give o(-82).
200
Let w(h) = h**2 - 186*h - 14366. Calculate w(-59).
89
Let t(i) = i**3 - 77*i**2 - 11844*i + 899510. Give t(75).
-40
Let b(z) = -882*z + 22074. What is b(25)?
24
Let n(g) = -2*g**3 - 12*g**2 + 19*g - 1. Give n(-8).
103
Let x(i) = -1167173*i + 7003036. Calculate x(6).
-2
Let b(a) = -16445*a - 1480102. Determine b(-90).
-52
Let c(q) = -63*q**2 - 12155*q + 1126. What is c(-193)?
354
Let g(m) = -45*m - 5910. Determine g(-113).
-825
Let s(w) = -w**3 + 358*w**2 - 1774*w + 3155. Give s(353).
-22
Let l(j) = 70*j**2 + 30*j - 551. Determine l(6).
2149
Let o(b) = 2*b**3 - 3*b**2 - 594*b - 2949. Calculate o(-5).
-304
Let p(j) = -27*j**2 - 361*j + 59. Calculate p(-14).
-179
Let z(u) = 110*u + 1207. Calculate z(-19).
-883
Let j(x) = -27*x**3 - 1624*x**2 - 220*x + 1191. What is j(-60)?
-9
Let n(b) = -3924*b - 117709. Determine n(-30).
11
Let m(v) = -2*v**3 + 6*v**2 + 498*v - 1011. Determine m(2).
-7
Let g(v) = -3372937*v - 60712853. Determine g(-18).
13
Let c(y) = -24*y**2 + 5814*y - 5817. What is c(1)?
-27
Let j(c) = 3*c**2 - 251*c - 299718. Give j(-277).
-4
Let o(t) = 2*t**3 - 88*t**2 + 5*t + 49. Calculate o(44).
269
Let s(b) = -17616*b - 264235. Give s(-15).
5
Let m(r) = -5*r**2 + 1098*r + 7711. Calculate m(-7).
-220
Let k(o) = 4*o**2 + 609*o - 43505. Calculate k(53).
8
Let l(k) = 67*k**3 + 2008*k**2 - 48*k + 365. Calculate l(-30).
5
Let o(z) = -111*z**2 + 24*z - 5. Determine o(3).
-932
Let k(l) = 834*l + 4930. Give k(-6).
-74
Let z(b) = 251*b + 14929. Determine z(-60).
-131
Let j(y) = -3*y**3 + 6*y**2 + 62*y + 58. Calculate j(6).
-2
Let x(n) = -10*n**3 - 100*n**2 + 27*n + 215. Give x(-10).
-55
Let k(s) = -s**2 - 91*s - 26. Determine k(-90).
64
Let k(x) = -71807*x - 9191307. Determine k(-128).
-11
Let r(v) = -v**2 - 237*v + 16772. Determine r(56).
364
Let y(p) = p**3 - 103*p**2 + 196*p + 130. Calculate y(101).
-476
Let o(c) = 2*c**2 + 84*c - 140. Give o(2).
36
Let j(x) = -309*x - 17793. Give j(-57).
-180
Let p(y) = -9*y**2 - 1803*y - 8870. What is p(-5)?
-80
Let y(r) = -6*r**3 + 288*r**2 - 580*r + 1292. What is y(46)?
4
Let s(h) = -h**2 + 6795*h + 40816. What is s(-6)?
10
Let c(x) = -x**3 - 347*x**2 + 709*x + 1544. What is c(-349)?
-2295
Let k(i) = 359*i + 15564. Give k(-43).
127
Let c(z) = 14*z**2 - 128*z - 25. Calculate c(9).
-43
Let l(r) = 232*r - 2334. Give l(6).
-942
Let k(w) = -305*w - 67272. Calculate k(-219).
-477
Let v(q) = -3*q**3 - 115*q + 901. What is v(7)?
-933
Let h(d) = -17*d**2 - 144*d - 149. Calculate h(-10).
-409
Let i(s) = -s**2 - 15310*s + 45930. Calculate i(3).
-9
Let v(q) = -1857*q**2 + 25985*q + 131. Give v(14).
-51
Let m(h) = -3*h**2 - 98*h + 839. Give m(10).
-441
Let m(n) = -794*n - 3979. Calculate m(-5).
-9
Let c(a) = a**2 - 2709*a - 2060060. What is c(-619)?
-28
Let p(s) = -8*s**3 - 51*s**2 + 466*s - 29. Calculate p(5).
26
Let b(x) = 1478*x - 1547480. Give b(1047).
-14
Let d(j) = 2193*j + 6381. What is d(-3)?
-198
Let t(c) = -169797*c + 3395936. Determine t(20).
-4
Let t(a) = 2*a**3 - 265*a**2 - 107*a - 198. What is t(133)?
3260
Let m(h) = -1753*h + 47507. Calculate m(27).
176
Let q(u) = 1028*u + 377282. What is q(-367)?
6
Let w(v) = 3188*v + 465448. Give w(-146).
0
Let u(q) = q**3 - 14*q**2 + 94*q - 183. What is u(7)?
132
Let z(n) = -3*n**3 - 21*n**2 - 63*n - 139. Give z(-4).
-31
Let n(f) = f**3 - 44*f**2 + 442*f + 1027. Give n(23).
84
Let p(x) = -4317*x**2 + 112232*x + 244. Give p(26).
-16
Let p(z) = -710815*z - 6397366. Give p(-9).
-31
Let u(x) = -3*x**3 - 3445*x**2 + 5742*x - 9191. Determine u(-1150).
9
Let h(j) = 444*j**2 + 33744*j + 49. What is h(-76)?
49
Let l(w) = 2*w**3 - 232*w**2 - 239*w + 673. Give l(117).
88
Let p(q) = q**3 + 74*q**2 + 350*q + 4894. Calculate p(-70).
-6
Let a(z) = 733*z - 27863. Calculate a(38).
-9
Let y(d) = 4*d**2 - 199*d + 2217. What is y(33)?
6
Let s(a) = -179*a**2 + 243*a - 6. Calculate s(4).
-1898
Let m(x) = -4*x**2 - 159*x + 1566. What is m(-47)?
203
Let z(c) = -2*c**2 - 609*c + 20418. What is z(-335)?
-17
Let y(q) = 725*q**2 - 7240*q - 194. Determine y(10).
-94
Let x(u) = -4*u**3 - 1385*u**2 + 8113*u + 5980. Give x(-352).
-4
Let h(n) = 339*n + 71209. Determine h(-210).
19
Let s(o) = 20*o**2 + 3797*o + 11322. Give s(-3).
111
Let w(i) = 4889*i - 29409. What is w(6)?
-75
Let b(g) = -g**2 - 1168*g - 8138. Give b(-7)